{"id":127,"date":"2025-11-30T16:39:37","date_gmt":"2025-11-30T16:39:37","guid":{"rendered":"https:\/\/www.espaces-des-possibles.fr\/www\/?page_id=127"},"modified":"2025-12-19T18:16:55","modified_gmt":"2025-12-19T18:16:55","slug":"elementor-127","status":"publish","type":"page","link":"https:\/\/www.espaces-des-possibles.fr\/index.php\/elementor-127\/","title":{"rendered":"GESTION DES EMOTIONS"},"content":{"rendered":"\t\t<div data-elementor-type=\"wp-page\" data-elementor-id=\"127\" class=\"elementor elementor-127\">\n\t\t\t\t<div class=\"elementor-element elementor-element-f29e08e e-flex e-con-boxed wpr-particle-no wpr-jarallax-no wpr-parallax-no wpr-sticky-section-no wpr-equal-height-no e-con e-parent\" data-id=\"f29e08e\" data-element_type=\"container\" data-e-type=\"container\" data-settings=\"{&quot;background_background&quot;:&quot;classic&quot;}\">\n\t\t\t\t\t<div class=\"e-con-inner\">\n\t\t\t\t<div class=\"elementor-element elementor-element-48e21e4 elementor-widget elementor-widget-heading\" data-id=\"48e21e4\" data-element_type=\"widget\" data-e-type=\"widget\" data-widget_type=\"heading.default\">\n\t\t\t\t\t<h2 class=\"elementor-heading-title elementor-size-default\">GESTION DES EMOTIONS<\/h2>\t\t\t\t<\/div>\n\t\t\t\t\t<\/div>\n\t\t\t\t<\/div>\n\t\t<div class=\"elementor-element elementor-element-bfd2da0 e-flex e-con-boxed wpr-particle-no wpr-jarallax-no wpr-parallax-no wpr-sticky-section-no wpr-equal-height-no e-con e-parent\" data-id=\"bfd2da0\" data-element_type=\"container\" data-e-type=\"container\" data-settings=\"{&quot;background_background&quot;:&quot;classic&quot;}\">\n\t\t\t\t\t<div class=\"e-con-inner\">\n\t\t<div class=\"elementor-element elementor-element-35eda85 e-con-full e-flex wpr-particle-no wpr-jarallax-no wpr-parallax-no wpr-sticky-section-no wpr-equal-height-no e-con e-child\" data-id=\"35eda85\" data-element_type=\"container\" data-e-type=\"container\">\n\t\t\t\t<div class=\"elementor-element elementor-element-2924906 elementor-widget elementor-widget-image\" data-id=\"2924906\" data-element_type=\"widget\" data-e-type=\"widget\" data-widget_type=\"image.default\">\n\t\t\t\t\t\t\t\t\t\t\t\t\t\t\t<img fetchpriority=\"high\" decoding=\"async\" width=\"634\" height=\"944\" src=\"https:\/\/www.espaces-des-possibles.fr\/wp-content\/uploads\/2025\/12\/getion-emotion.jpeg\" class=\"attachment-full size-full wp-image-400\" alt=\"\" srcset=\"https:\/\/www.espaces-des-possibles.fr\/wp-content\/uploads\/2025\/12\/getion-emotion.jpeg 634w, https:\/\/www.espaces-des-possibles.fr\/wp-content\/uploads\/2025\/12\/getion-emotion-201x300.jpeg 201w\" sizes=\"(max-width: 634px) 100vw, 634px\" \/>\t\t\t\t\t\t\t\t\t\t\t\t\t\t\t<\/div>\n\t\t\t\t<\/div>\n\t\t<div class=\"elementor-element elementor-element-1891210 e-con-full e-flex wpr-particle-no wpr-jarallax-no wpr-parallax-no wpr-sticky-section-no wpr-equal-height-no e-con e-child\" data-id=\"1891210\" data-element_type=\"container\" data-e-type=\"container\">\n\t\t\t\t<div class=\"elementor-element elementor-element-d2e8d73 elementor-widget elementor-widget-text-editor\" data-id=\"d2e8d73\" data-element_type=\"widget\" data-e-type=\"widget\" data-widget_type=\"text-editor.default\">\n\t\t\t\t\t\t\t\t\t<p data-path-to-node=\"12\"><b>Retrouver l&rsquo;apaisement pour vivre ses \u00e9motions sereinement.<\/b><\/p><p data-path-to-node=\"13\">Les \u00e9motions font partie de notre vie, mais il arrive qu&rsquo;elles nous submergent ou nous emp\u00eachent d&rsquo;avancer. Je vous propose un accompagnement tout en douceur pour apaiser ce qui est douloureux et retrouver un \u00e9quilibre int\u00e9rieur plus confortable. L&rsquo;id\u00e9e n&rsquo;est pas de lutter contre ce que vous ressentez, mais d&rsquo;apprendre \u00e0 le vivre plus tranquillement.<\/p><p data-path-to-node=\"14\"><b>Retrouver le calme et l&rsquo;\u00e9quilibre<\/b> Face au <b>stress<\/b> et \u00e0 l\u2019<b>anxi\u00e9t\u00e9<\/b> du quotidien, il est parfois difficile de rel\u00e2cher la pression. L&rsquo;hypnose est un moment de r\u00e9pit pour apprendre \u00e0 se d\u00e9tendre profond\u00e9ment. C&rsquo;est aussi une approche tr\u00e8s douce pour mieux vivre son <b>hypersensibilit\u00e9<\/b> ou pour apaiser les <b>troubles psychosomatiques<\/b>, ces maux par lesquels le corps exprime parfois ce qui ne va pas.<\/p><p data-path-to-node=\"15\"><b>Se lib\u00e9rer des peurs et traverser les \u00e9preuves<\/b> La vie nous confronte parfois \u00e0 des moments difficiles, comme un <b>deuil<\/b> ou une <b>s\u00e9paration<\/b>. L&rsquo;accompagnement vous aide \u00e0 traverser ces \u00e9tapes \u00e0 votre rythme pour vous reconstruire. De m\u00eame, si des <b>peurs<\/b> ou des <b>phobies<\/b> vous emp\u00eachent de profiter de votre quotidien, nous travaillons ensemble pour vous en lib\u00e9rer et retrouver votre libert\u00e9.<\/p><p data-path-to-node=\"16\"><b>Se sentir mieux avec soi-m\u00eame<\/b> Se sentir bien dans sa vie commence par se sentir bien avec soi-m\u00eame. Nous prenons le temps de renforcer votre <b>estime de soi<\/b> et votre <b>confiance<\/b>, pour porter un regard plus bienveillant sur vous-m\u00eame. Cela vous permet d&rsquo;\u00eatre plus solide int\u00e9rieurement et plus serein dans vos relations.<\/p>\t\t\t\t\t\t\t\t<\/div>\n\t\t\t\t<\/div>\n\t\t\t\t\t<\/div>\n\t\t\t\t<\/div>\n\t\t<div class=\"elementor-element elementor-element-46ef034 e-flex e-con-boxed wpr-particle-no wpr-jarallax-no wpr-parallax-no wpr-sticky-section-no wpr-equal-height-no e-con e-parent\" data-id=\"46ef034\" data-element_type=\"container\" data-e-type=\"container\" data-settings=\"{&quot;background_background&quot;:&quot;classic&quot;}\">\n\t\t\t\t\t<div class=\"e-con-inner\">\n\t\t<div class=\"elementor-element elementor-element-7ee0f26 e-con-full e-flex wpr-particle-no wpr-jarallax-no wpr-parallax-no wpr-sticky-section-no wpr-equal-height-no e-con e-child\" data-id=\"7ee0f26\" data-element_type=\"container\" data-e-type=\"container\">\n\t\t\t\t<div class=\"elementor-element elementor-element-d35dcd1 elementor-widget elementor-widget-button\" data-id=\"d35dcd1\" data-element_type=\"widget\" data-e-type=\"widget\" data-widget_type=\"button.default\">\n\t\t\t\t\t\t\t\t\t\t<a class=\"elementor-button elementor-button-link elementor-size-sm\" href=\"https:\/\/www.espaces-des-possibles.fr\/#CHAMP\">\n\t\t\t\t\t\t<span class=\"elementor-button-content-wrapper\">\n\t\t\t\t\t\t\t\t\t<span class=\"elementor-button-text\">Retour<\/span>\n\t\t\t\t\t<\/span>\n\t\t\t\t\t<\/a>\n\t\t\t\t\t\t\t\t<\/div>\n\t\t\t\t<\/div>\n\t\t\t\t\t<\/div>\n\t\t\t\t<\/div>\n\t\t\t\t<\/div>\n\t\t","protected":false},"excerpt":{"rendered":"<p>GESTION DES EMOTIONS Retrouver l&rsquo;apaisement pour vivre ses \u00e9motions sereinement. Les \u00e9motions font partie de notre vie, mais il arrive qu&rsquo;elles nous submergent ou nous emp\u00eachent d&rsquo;avancer. Je vous propose un accompagnement tout en douceur pour apaiser ce qui est douloureux et retrouver un \u00e9quilibre int\u00e9rieur plus confortable. L&rsquo;id\u00e9e n&rsquo;est pas de lutter contre ce que vous ressentez, mais d&rsquo;apprendre \u00e0 le vivre plus tranquillement. Retrouver le calme et l&rsquo;\u00e9quilibre Face au stress et \u00e0 l\u2019anxi\u00e9t\u00e9 du quotidien, il est parfois difficile de rel\u00e2cher la pression. L&rsquo;hypnose est un moment de r\u00e9pit pour apprendre \u00e0 se d\u00e9tendre profond\u00e9ment. C&rsquo;est aussi une approche tr\u00e8s douce pour mieux vivre son hypersensibilit\u00e9 ou pour apaiser les troubles psychosomatiques, ces maux par lesquels le corps exprime parfois ce qui ne va pas. Se lib\u00e9rer des peurs et traverser les \u00e9preuves La vie nous confronte parfois \u00e0 des moments difficiles, comme un deuil ou une s\u00e9paration. L&rsquo;accompagnement vous aide \u00e0 traverser ces \u00e9tapes \u00e0 votre rythme pour vous reconstruire. De m\u00eame, si des peurs ou des phobies vous emp\u00eachent de profiter de votre quotidien, nous travaillons ensemble pour vous en lib\u00e9rer et retrouver votre libert\u00e9. Se sentir mieux avec soi-m\u00eame Se sentir bien dans sa vie commence par se sentir bien avec soi-m\u00eame. Nous prenons le temps de renforcer votre estime de soi et votre confiance, pour porter un regard plus bienveillant sur vous-m\u00eame. Cela vous permet d&rsquo;\u00eatre plus solide int\u00e9rieurement et plus serein dans vos relations. Retour<\/p>\n","protected":false},"author":1,"featured_media":0,"parent":0,"menu_order":0,"comment_status":"closed","ping_status":"closed","template":"","meta":{"_joinchat":[],"footnotes":""},"class_list":["post-127","page","type-page","status-publish","hentry"],"yoast_head":"<!-- This site is optimized with the Yoast SEO plugin v27.5 - https:\/\/yoast.com\/product\/yoast-seo-wordpress\/ -->\n<title>GESTION DES EMOTIONS - Espaces des possibles<\/title>\n<meta name=\"robots\" content=\"index, follow, max-snippet:-1, max-image-preview:large, max-video-preview:-1\" \/>\n<link rel=\"canonical\" href=\"https:\/\/www.espaces-des-possibles.fr\/index.php\/elementor-127\/\" \/>\n<meta property=\"og:locale\" content=\"fr_FR\" \/>\n<meta property=\"og:type\" content=\"article\" \/>\n<meta property=\"og:title\" content=\"GESTION DES EMOTIONS - Espaces des possibles\" \/>\n<meta property=\"og:description\" content=\"GESTION DES EMOTIONS Retrouver l&rsquo;apaisement pour vivre ses \u00e9motions sereinement. Les \u00e9motions font partie de notre vie, mais il arrive qu&rsquo;elles nous submergent ou nous emp\u00eachent d&rsquo;avancer. Je vous propose un accompagnement tout en douceur pour apaiser ce qui est douloureux et retrouver un \u00e9quilibre int\u00e9rieur plus confortable. L&rsquo;id\u00e9e n&rsquo;est pas de lutter contre ce que vous ressentez, mais d&rsquo;apprendre \u00e0 le vivre plus tranquillement. Retrouver le calme et l&rsquo;\u00e9quilibre Face au stress et \u00e0 l\u2019anxi\u00e9t\u00e9 du quotidien, il est parfois difficile de rel\u00e2cher la pression. L&rsquo;hypnose est un moment de r\u00e9pit pour apprendre \u00e0 se d\u00e9tendre profond\u00e9ment. C&rsquo;est aussi une approche tr\u00e8s douce pour mieux vivre son hypersensibilit\u00e9 ou pour apaiser les troubles psychosomatiques, ces maux par lesquels le corps exprime parfois ce qui ne va pas. Se lib\u00e9rer des peurs et traverser les \u00e9preuves La vie nous confronte parfois \u00e0 des moments difficiles, comme un deuil ou une s\u00e9paration. L&rsquo;accompagnement vous aide \u00e0 traverser ces \u00e9tapes \u00e0 votre rythme pour vous reconstruire. De m\u00eame, si des peurs ou des phobies vous emp\u00eachent de profiter de votre quotidien, nous travaillons ensemble pour vous en lib\u00e9rer et retrouver votre libert\u00e9. Se sentir mieux avec soi-m\u00eame Se sentir bien dans sa vie commence par se sentir bien avec soi-m\u00eame. Nous prenons le temps de renforcer votre estime de soi et votre confiance, pour porter un regard plus bienveillant sur vous-m\u00eame. Cela vous permet d&rsquo;\u00eatre plus solide int\u00e9rieurement et plus serein dans vos relations. Retour\" \/>\n<meta property=\"og:url\" content=\"https:\/\/www.espaces-des-possibles.fr\/index.php\/elementor-127\/\" \/>\n<meta property=\"og:site_name\" content=\"Espaces des possibles\" \/>\n<meta property=\"article:modified_time\" content=\"2025-12-19T18:16:55+00:00\" \/>\n<meta property=\"og:image\" content=\"https:\/\/www.espaces-des-possibles.fr\/wp-content\/uploads\/2025\/12\/getion-emotion.jpeg\" \/>\n\t<meta property=\"og:image:width\" content=\"634\" \/>\n\t<meta property=\"og:image:height\" content=\"944\" \/>\n\t<meta property=\"og:image:type\" content=\"image\/jpeg\" \/>\n<meta name=\"twitter:card\" content=\"summary_large_image\" \/>\n<meta name=\"twitter:label1\" content=\"Dur\u00e9e de lecture estim\u00e9e\" \/>\n\t<meta name=\"twitter:data1\" content=\"2 minutes\" \/>\n<script type=\"application\/ld+json\" class=\"yoast-schema-graph\">{\"@context\":\"https:\\\/\\\/schema.org\",\"@graph\":[{\"@type\":\"WebPage\",\"@id\":\"https:\\\/\\\/www.espaces-des-possibles.fr\\\/index.php\\\/elementor-127\\\/\",\"url\":\"https:\\\/\\\/www.espaces-des-possibles.fr\\\/index.php\\\/elementor-127\\\/\",\"name\":\"GESTION DES EMOTIONS - Espaces des possibles\",\"isPartOf\":{\"@id\":\"https:\\\/\\\/www.espaces-des-possibles.fr\\\/#website\"},\"primaryImageOfPage\":{\"@id\":\"https:\\\/\\\/www.espaces-des-possibles.fr\\\/index.php\\\/elementor-127\\\/#primaryimage\"},\"image\":{\"@id\":\"https:\\\/\\\/www.espaces-des-possibles.fr\\\/index.php\\\/elementor-127\\\/#primaryimage\"},\"thumbnailUrl\":\"https:\\\/\\\/www.espaces-des-possibles.fr\\\/wp-content\\\/uploads\\\/2025\\\/12\\\/getion-emotion.jpeg\",\"datePublished\":\"2025-11-30T16:39:37+00:00\",\"dateModified\":\"2025-12-19T18:16:55+00:00\",\"breadcrumb\":{\"@id\":\"https:\\\/\\\/www.espaces-des-possibles.fr\\\/index.php\\\/elementor-127\\\/#breadcrumb\"},\"inLanguage\":\"fr-FR\",\"potentialAction\":[{\"@type\":\"ReadAction\",\"target\":[\"https:\\\/\\\/www.espaces-des-possibles.fr\\\/index.php\\\/elementor-127\\\/\"]}]},{\"@type\":\"ImageObject\",\"inLanguage\":\"fr-FR\",\"@id\":\"https:\\\/\\\/www.espaces-des-possibles.fr\\\/index.php\\\/elementor-127\\\/#primaryimage\",\"url\":\"https:\\\/\\\/www.espaces-des-possibles.fr\\\/wp-content\\\/uploads\\\/2025\\\/12\\\/getion-emotion.jpeg\",\"contentUrl\":\"https:\\\/\\\/www.espaces-des-possibles.fr\\\/wp-content\\\/uploads\\\/2025\\\/12\\\/getion-emotion.jpeg\",\"width\":634,\"height\":944},{\"@type\":\"BreadcrumbList\",\"@id\":\"https:\\\/\\\/www.espaces-des-possibles.fr\\\/index.php\\\/elementor-127\\\/#breadcrumb\",\"itemListElement\":[{\"@type\":\"ListItem\",\"position\":1,\"name\":\"Accueil\",\"item\":\"https:\\\/\\\/www.espaces-des-possibles.fr\\\/\"},{\"@type\":\"ListItem\",\"position\":2,\"name\":\"GESTION DES EMOTIONS\"}]},{\"@type\":\"WebSite\",\"@id\":\"https:\\\/\\\/www.espaces-des-possibles.fr\\\/#website\",\"url\":\"https:\\\/\\\/www.espaces-des-possibles.fr\\\/\",\"name\":\"Espaces des possibles\",\"description\":\"\",\"publisher\":{\"@id\":\"https:\\\/\\\/www.espaces-des-possibles.fr\\\/#\\\/schema\\\/person\\\/86e9e413a16603bd3013a1e134a32692\"},\"potentialAction\":[{\"@type\":\"SearchAction\",\"target\":{\"@type\":\"EntryPoint\",\"urlTemplate\":\"https:\\\/\\\/www.espaces-des-possibles.fr\\\/?s={search_term_string}\"},\"query-input\":{\"@type\":\"PropertyValueSpecification\",\"valueRequired\":true,\"valueName\":\"search_term_string\"}}],\"inLanguage\":\"fr-FR\"},{\"@type\":[\"Person\",\"Organization\"],\"@id\":\"https:\\\/\\\/www.espaces-des-possibles.fr\\\/#\\\/schema\\\/person\\\/86e9e413a16603bd3013a1e134a32692\",\"name\":\"Lionel\",\"image\":{\"@type\":\"ImageObject\",\"inLanguage\":\"fr-FR\",\"@id\":\"https:\\\/\\\/www.espaces-des-possibles.fr\\\/wp-content\\\/uploads\\\/2025\\\/12\\\/Logo-Espaces-des-Possibles.png\",\"url\":\"https:\\\/\\\/www.espaces-des-possibles.fr\\\/wp-content\\\/uploads\\\/2025\\\/12\\\/Logo-Espaces-des-Possibles.png\",\"contentUrl\":\"https:\\\/\\\/www.espaces-des-possibles.fr\\\/wp-content\\\/uploads\\\/2025\\\/12\\\/Logo-Espaces-des-Possibles.png\",\"width\":1353,\"height\":916,\"caption\":\"Lionel\"},\"logo\":{\"@id\":\"https:\\\/\\\/www.espaces-des-possibles.fr\\\/wp-content\\\/uploads\\\/2025\\\/12\\\/Logo-Espaces-des-Possibles.png\"},\"sameAs\":[\"http:\\\/\\\/www.espaces-des-possibles.fr\\\/www\"]}]}<\/script>\n<!-- \/ Yoast SEO plugin. -->","yoast_head_json":{"title":"GESTION DES EMOTIONS - Espaces des possibles","robots":{"index":"index","follow":"follow","max-snippet":"max-snippet:-1","max-image-preview":"max-image-preview:large","max-video-preview":"max-video-preview:-1"},"canonical":"https:\/\/www.espaces-des-possibles.fr\/index.php\/elementor-127\/","og_locale":"fr_FR","og_type":"article","og_title":"GESTION DES EMOTIONS - Espaces des possibles","og_description":"GESTION DES EMOTIONS Retrouver l&rsquo;apaisement pour vivre ses \u00e9motions sereinement. Les \u00e9motions font partie de notre vie, mais il arrive qu&rsquo;elles nous submergent ou nous emp\u00eachent d&rsquo;avancer. Je vous propose un accompagnement tout en douceur pour apaiser ce qui est douloureux et retrouver un \u00e9quilibre int\u00e9rieur plus confortable. L&rsquo;id\u00e9e n&rsquo;est pas de lutter contre ce que vous ressentez, mais d&rsquo;apprendre \u00e0 le vivre plus tranquillement. Retrouver le calme et l&rsquo;\u00e9quilibre Face au stress et \u00e0 l\u2019anxi\u00e9t\u00e9 du quotidien, il est parfois difficile de rel\u00e2cher la pression. L&rsquo;hypnose est un moment de r\u00e9pit pour apprendre \u00e0 se d\u00e9tendre profond\u00e9ment. C&rsquo;est aussi une approche tr\u00e8s douce pour mieux vivre son hypersensibilit\u00e9 ou pour apaiser les troubles psychosomatiques, ces maux par lesquels le corps exprime parfois ce qui ne va pas. Se lib\u00e9rer des peurs et traverser les \u00e9preuves La vie nous confronte parfois \u00e0 des moments difficiles, comme un deuil ou une s\u00e9paration. L&rsquo;accompagnement vous aide \u00e0 traverser ces \u00e9tapes \u00e0 votre rythme pour vous reconstruire. De m\u00eame, si des peurs ou des phobies vous emp\u00eachent de profiter de votre quotidien, nous travaillons ensemble pour vous en lib\u00e9rer et retrouver votre libert\u00e9. Se sentir mieux avec soi-m\u00eame Se sentir bien dans sa vie commence par se sentir bien avec soi-m\u00eame. Nous prenons le temps de renforcer votre estime de soi et votre confiance, pour porter un regard plus bienveillant sur vous-m\u00eame. Cela vous permet d&rsquo;\u00eatre plus solide int\u00e9rieurement et plus serein dans vos relations. Retour","og_url":"https:\/\/www.espaces-des-possibles.fr\/index.php\/elementor-127\/","og_site_name":"Espaces des possibles","article_modified_time":"2025-12-19T18:16:55+00:00","og_image":[{"width":634,"height":944,"url":"https:\/\/www.espaces-des-possibles.fr\/wp-content\/uploads\/2025\/12\/getion-emotion.jpeg","type":"image\/jpeg"}],"twitter_card":"summary_large_image","twitter_misc":{"Dur\u00e9e de lecture estim\u00e9e":"2 minutes"},"schema":{"@context":"https:\/\/schema.org","@graph":[{"@type":"WebPage","@id":"https:\/\/www.espaces-des-possibles.fr\/index.php\/elementor-127\/","url":"https:\/\/www.espaces-des-possibles.fr\/index.php\/elementor-127\/","name":"GESTION DES EMOTIONS - Espaces des possibles","isPartOf":{"@id":"https:\/\/www.espaces-des-possibles.fr\/#website"},"primaryImageOfPage":{"@id":"https:\/\/www.espaces-des-possibles.fr\/index.php\/elementor-127\/#primaryimage"},"image":{"@id":"https:\/\/www.espaces-des-possibles.fr\/index.php\/elementor-127\/#primaryimage"},"thumbnailUrl":"https:\/\/www.espaces-des-possibles.fr\/wp-content\/uploads\/2025\/12\/getion-emotion.jpeg","datePublished":"2025-11-30T16:39:37+00:00","dateModified":"2025-12-19T18:16:55+00:00","breadcrumb":{"@id":"https:\/\/www.espaces-des-possibles.fr\/index.php\/elementor-127\/#breadcrumb"},"inLanguage":"fr-FR","potentialAction":[{"@type":"ReadAction","target":["https:\/\/www.espaces-des-possibles.fr\/index.php\/elementor-127\/"]}]},{"@type":"ImageObject","inLanguage":"fr-FR","@id":"https:\/\/www.espaces-des-possibles.fr\/index.php\/elementor-127\/#primaryimage","url":"https:\/\/www.espaces-des-possibles.fr\/wp-content\/uploads\/2025\/12\/getion-emotion.jpeg","contentUrl":"https:\/\/www.espaces-des-possibles.fr\/wp-content\/uploads\/2025\/12\/getion-emotion.jpeg","width":634,"height":944},{"@type":"BreadcrumbList","@id":"https:\/\/www.espaces-des-possibles.fr\/index.php\/elementor-127\/#breadcrumb","itemListElement":[{"@type":"ListItem","position":1,"name":"Accueil","item":"https:\/\/www.espaces-des-possibles.fr\/"},{"@type":"ListItem","position":2,"name":"GESTION DES EMOTIONS"}]},{"@type":"WebSite","@id":"https:\/\/www.espaces-des-possibles.fr\/#website","url":"https:\/\/www.espaces-des-possibles.fr\/","name":"Espaces des possibles","description":"","publisher":{"@id":"https:\/\/www.espaces-des-possibles.fr\/#\/schema\/person\/86e9e413a16603bd3013a1e134a32692"},"potentialAction":[{"@type":"SearchAction","target":{"@type":"EntryPoint","urlTemplate":"https:\/\/www.espaces-des-possibles.fr\/?s={search_term_string}"},"query-input":{"@type":"PropertyValueSpecification","valueRequired":true,"valueName":"search_term_string"}}],"inLanguage":"fr-FR"},{"@type":["Person","Organization"],"@id":"https:\/\/www.espaces-des-possibles.fr\/#\/schema\/person\/86e9e413a16603bd3013a1e134a32692","name":"Lionel","image":{"@type":"ImageObject","inLanguage":"fr-FR","@id":"https:\/\/www.espaces-des-possibles.fr\/wp-content\/uploads\/2025\/12\/Logo-Espaces-des-Possibles.png","url":"https:\/\/www.espaces-des-possibles.fr\/wp-content\/uploads\/2025\/12\/Logo-Espaces-des-Possibles.png","contentUrl":"https:\/\/www.espaces-des-possibles.fr\/wp-content\/uploads\/2025\/12\/Logo-Espaces-des-Possibles.png","width":1353,"height":916,"caption":"Lionel"},"logo":{"@id":"https:\/\/www.espaces-des-possibles.fr\/wp-content\/uploads\/2025\/12\/Logo-Espaces-des-Possibles.png"},"sameAs":["http:\/\/www.espaces-des-possibles.fr\/www"]}]}},"_links":{"self":[{"href":"https:\/\/www.espaces-des-possibles.fr\/index.php\/wp-json\/wp\/v2\/pages\/127","targetHints":{"allow":["GET"]}}],"collection":[{"href":"https:\/\/www.espaces-des-possibles.fr\/index.php\/wp-json\/wp\/v2\/pages"}],"about":[{"href":"https:\/\/www.espaces-des-possibles.fr\/index.php\/wp-json\/wp\/v2\/types\/page"}],"author":[{"embeddable":true,"href":"https:\/\/www.espaces-des-possibles.fr\/index.php\/wp-json\/wp\/v2\/users\/1"}],"replies":[{"embeddable":true,"href":"https:\/\/www.espaces-des-possibles.fr\/index.php\/wp-json\/wp\/v2\/comments?post=127"}],"version-history":[{"count":23,"href":"https:\/\/www.espaces-des-possibles.fr\/index.php\/wp-json\/wp\/v2\/pages\/127\/revisions"}],"predecessor-version":[{"id":409,"href":"https:\/\/www.espaces-des-possibles.fr\/index.php\/wp-json\/wp\/v2\/pages\/127\/revisions\/409"}],"wp:attachment":[{"href":"https:\/\/www.espaces-des-possibles.fr\/index.php\/wp-json\/wp\/v2\/media?parent=127"}],"curies":[{"name":"wp","href":"https:\/\/api.w.org\/{rel}","templated":true}]}}